2)/(-5) - 217/105)*3. Let i be ((-4)/s)/(6 + 319/(-55)). Let k(v) = v + 6. Let u be k(-4). What is the greatest common factor of u and i?
2
Suppose 10 = l - 4*g, -3*l + 6 = -5*g - 10. Suppose l*s + 7381 = 13*s. What is the greatest common factor of 61 and s?
61
Suppose -10418 = -3*n - g, -g + 0*g = -5*n + 17358. Suppose 0 = 17*c - 1832 - n. What is the highest common divisor of c and 39?
39
Let m be (-8632)/(-60) + (-6)/(-45). Let b = 24 - -1. Suppose -2*a = -7 - b. Calculate the greatest common divisor of a and m.
16
Suppose -r + 5*k + 1130 = 0, -5*r - 2*k - 3390 = -8*r. Suppose 11*l = 476 + r. Calculate the highest common divisor of l and 73.
73
Suppose -114*g + 110*g = -16. Suppose 0 = 4*o - 2*x - 94 - 306, 0 = -g*o - 3*x + 380. What is the highest common factor of 70 and o?
14
Let f(u) = -22*u - 470. Let r be f(-49). What is the highest common divisor of 190 and r?
38
Let h be (-3 - 1) + (-48)/(-4). Let g be 14/(-56) - (-170)/h. Suppose g*s = 19*s + 56. Calculate the greatest common divisor of s and 140.
28
Suppose 2*h = -5*s + 43, -3 + 7 = -4*h. Let o be (-2)/4*(2 + -3 + 1). Suppose o = 2*y - 62 + 60. Calculate the greatest common factor of y and s.
1
Let c be 9/(-4 + 66/12) - 4. Suppose 2*n = -c*n + 224. Let z = -7 + 14. Calculate the highest common factor of n and z.
7
Suppose 3 = 4*d - 5. Suppose 3*t - 24 = -4*c - d*t, -3*c + t + 37 = 0. Let u = c - -101. Calculate the greatest common divisor of 14 and u.
14
Suppose -114443 = 92*i - 158964 - 196335. What is the greatest common divisor of i and 1386?
154
Suppose -5*l + 2*b + 18 = 0, 3*l - 17 = -0*l - 5*b. Let c be (-391)/(-23) + l*1. What is the highest common factor of 63 and c?
21
Let f be 60 - ((-27)/3 + 7 + 0). What is the greatest common factor of 22 and f?
2
Let f be (-546)/(82/(-615) + 28/(-15)). Calculate the greatest common divisor of 21 and f.
21
Let q be -67*(-7 - -2 - -6). Let n = 77 + q. Calculate the greatest common factor of n and 530.
10
Let u = -2085 - -2133. Calculate the highest common factor of 168 and u.
24
Suppose -4*g + 8754 + 22958 = -8*m, -2*m + 39700 = 5*g. What is the highest common divisor of 392 and g?
98
Let y be ((-24250)/(-20))/((-3)/(-6)). What is the highest common divisor of y and 679?
97
Let j = -25 - -36. Suppose -j*v + 5*v = -48. Suppose -v*w + 13*w = 270. What is the highest common divisor of w and 36?
18
Let z(o) = 34*o + 142. Let n be z(1). What is the highest common divisor of n and 1892?
44
Let w be 56/(-10)*(105/14 + -10). Let a be (6/(-4) - -1)*-182. What is the highest common factor of a and w?
7
Suppose 0 = y - 4*q - 1243, -37*y + 2474 = -35*y + 4*q. Calculate the highest common factor of 21 and y.
21
Suppose -5*h - 138 + 8 = 0. Let i(x) = x**3 + 27*x**2 + 21*x - 31. Let g be i(h). What is the greatest common factor of g and 11?
11
Suppose 64*r + 3*u = 68*r - 405, -r - 5*u + 61 = 0. Let o(p) = -p + 7. Let b be o(-5). Calculate the highest common factor of b and r.
12
Suppose -6 = -2*b, 9*b = 4*h + 7*b - 5074. Calculate the greatest common divisor of 70 and h.
10
Let n be (970/(-60) - -16) + 2/24*3314. Calculate the highest common divisor of 2668 and n.
92
Let l be 327/15 - (-3)/15. Let h = 2116 - 1885. Calculate the greatest common divisor of l and h.
11
Suppose 430*p - 431*p = -56. Calculate the highest common divisor of 3416 and p.
56
Let d = 58 + 184. Let t(m) = -m**2 - 9*m + 11. Let c be t(-8). Let n = 3 + c. What is the highest common divisor of d and n?
22
Suppose -185 = -2*c - 3*x, c + 210*x - 54 = 214*x. What is the greatest common factor of 7011 and c?
41
Suppose 0 = j + 3*x + 439, 2155 = 50*j - 55*j - 5*x. Let y = 532 + j. Let a be -1*1 + (2 - -14). What is the greatest common divisor of a and y?
15
Let t be 52/3*156/208. Suppose 18 = 2*v - z - 3*z, -2*v + t = z. What is the highest common divisor of v and 77?
7
Let r = 2713 + -2389. What is the highest common divisor of 108 and r?
108
Let l be (-256)/(-10) + (-4)/(-10). Let s be 2338 - -3*(-2)/12*-4. Suppose -s = 14*n - 24*n. Calculate the highest common divisor of l and n.
26
Suppose -353*x = -351*x + 2*y - 530, -767 = -3*x + 4*y. Suppose -5*p + 99 = 4*m - 148, -4*m = p - 235. Calculate the greatest common factor of m and x.
29
Suppose 48*h = -25*h + 10*h + 723114. Calculate the highest common divisor of h and 6.
6
Let a(h) = h**2 - 8*h - 15. Let o(u) = u**3 - 7*u**2 - u - 2. Let i be o(4). Let f = 65 + i. Let p be a(f). Calculate the highest common divisor of 6 and p.
6
Let g = 1563 - 1562. What is the greatest common factor of g and 59?
1
Let u(q) = q**3 + 10*q**2 - 8*q. Let c be u(-4). Let w = -100 + c. Calculate the highest common divisor of 378 and w.
14
Let o(a) = -9*a + 105. Let l(s) = -4*s + 53. Let m(f) = 7*l(f) - 3*o(f). Let d be m(27). Calculate the greatest common divisor of 261 and d.
29
Let u = -1241 - -1535. What is the greatest common factor of 3724 and u?
98
Suppose -13*w + 14*w - 28 = 0. Let p = -14 + 7. Let b be (-3)/p - 276/(-42). Calculate the highest common factor of w and b.
7
Let c be (-44)/(-16) - 2/(-8). Suppose 4*w - 21*m + 17*m = 12, c*w - 7 = 5*m. Calculate the highest common factor of w and 18.
2
Let o = -130 + 135. Suppose -229 = -o*r + 871. Suppose -10 = -t + 10. Calculate the greatest common factor of r and t.
20
Let i = 156 + -37. Let y = i + -68. What is the highest common divisor of 408 and y?
51
Suppose 0 = 4*z + 27 - 3. Let t(i) be the second derivative of -5*i**3/2 - 25*i**2/2 - 369*i. Let a be t(z). Calculate the highest common divisor of a and 26.
13
Let u = 79 - 91. Let r be 2/(-8) + (-39)/u + -3. Let c(x) = 2*x**3 - 2*x**2 + x + 63. Let d be c(r). Calculate the highest common factor of 18 and d.
9
Let j be (-218)/(-9) - (-14)/(-63). Let d be ((-9)/(-7)*-2)/(11/(-77)). Calculate the highest common divisor of d and j.
6
Suppose 0 = -287*q + 271*q - 12256. Let j = q - -774. Calculate the highest common factor of 712 and j.
8
Let t = -78 + 9. Let z = t + 35. Let u be z/51 + 28/6. What is the highest common factor of 28 and u?
4
Suppose -2*s = 4*h - s, -2*h = 3*s. Suppose 0 = -2*j + 2*g + 550 + 96, h = -j + 3*g + 325. What is the greatest common divisor of 46 and j?
46
Suppose 0 = -60*j + 20348 + 9052. What is the highest common factor of 10 and j?
10
Let j(f) = f**3 + 8*f**2 + 6*f + 4. Let s be j(-7). Suppose -s*r + 20 = -7*r. Suppose r*t - 68 - 217 = 0. What is the highest common divisor of 38 and t?
19
Let f be (-115625)/(-200) + (-2)/16. Calculate the greatest common divisor of 18 and f.
2
Let r(t) = -5*t - 174. Let h be r(-38). Let a(b) = 2*b - 2. Let i be a(-4). Let p be (-60)/18*12/i. What is the greatest common divisor of h and p?
4
Suppose -5*j + 112 = -313. Suppose 12*d = -27 - 9. Let l = 14 - d. Calculate the highest common divisor of j and l.
17
Let b(q) = -13*q - 50. Let z be b(-6). Let f be (z/(-70))/((4/170)/(-2)). What is the greatest common factor of f and 68?
34
Let p(b) = -b**3 + 16*b**2 + 18*b + 8. Let v(g) = -g**3 + 8*g**2 - 11*g - 3. Let t be v(5). Let h be p(t). What is the highest common factor of 15 and h?
5
Suppose 3*c - 50 = c + 5*b, 4*b = -c - 1. Suppose 2523 = 23*z - 2997. Calculate the greatest common factor of c and z.
15
Suppose -9*b + 159 = -30. Let r = 827 - 680. Calculate the highest common factor of b and r.
21
Let o = -22544 + 38870. Calculate the greatest common factor of 18 and o.
18
Suppose 3*z = -21, z + 30711 = 2*t - 2*z. What is the highest common divisor of 15 and t?
15
Let y be 6/(-12)*-6 - -7. Let m be ((-16)/y)/(14/(-1995)). What is the greatest common divisor of m and 12?
12
Suppose 2*i - 4*n + 5*n = 93, i - 19 = 5*n. Let q = 67 - i. Suppose q = 5*r - 127. What is the highest common factor of 6 and r?
6
Let b(h) = -h + 2. Let z be b(0). Suppose z*u - 7*u = -90. Suppose -10 = -2*o, -4*v = -4*o - 43 - 9. Calculate the greatest common factor of u and v.
18
Suppose 4*q + 25 = c, 5*q = 5*c + 8*q - 102. Suppose c*t = 17*t + 4. Calculate the highest common divisor of 32 and t.
1
Suppose -2*v + 273 - 99 = 0. Let n be ((-1508)/65)/(-13 - (-128)/10). What is the highest common divisor of n and v?
29
Let b = -54 + 55. Let o = b + 9. Let s = o + 1. What is the highest common divisor of s and 11?
11
Suppose c = 2*p + 24, 5*p + 145 = -2*c + 7*c. Suppose 0 = 29*q - c*q - 320. Let s = q - -74. Calculate t